{"id":2,"date":"2022-05-13T15:43:34","date_gmt":"2022-05-13T13:43:34","guid":{"rendered":"http:\/\/luxessentiel.org\/?page_id=2"},"modified":"2022-07-28T11:20:34","modified_gmt":"2022-07-28T09:20:34","slug":"a-propos","status":"publish","type":"page","link":"https:\/\/luxessentiel.org\/index.php\/a-propos\/","title":{"rendered":"A propos"},"content":{"rendered":"\n<div class=\"wp-block-cover alignfull\" style=\"min-height:200px;aspect-ratio:unset;\"><span aria-hidden=\"true\" class=\"wp-block-cover__background has-ast-global-color-4-background-color has-background-dim-0 has-background-dim\"><\/span><img loading=\"lazy\" decoding=\"async\" width=\"2560\" height=\"1707\" class=\"wp-block-cover__image-background wp-image-1028\" alt=\"\" src=\"https:\/\/luxessentiel.org\/wp-content\/uploads\/2022\/07\/kristine-cinate-QvjL4y7SF9k-unsplash-scaled-1.jpg\" style=\"object-position:52% 45%\" data-object-fit=\"cover\" data-object-position=\"52% 45%\" srcset=\"https:\/\/luxessentiel.org\/wp-content\/uploads\/2022\/07\/kristine-cinate-QvjL4y7SF9k-unsplash-scaled-1.jpg 2560w, https:\/\/luxessentiel.org\/wp-content\/uploads\/2022\/07\/kristine-cinate-QvjL4y7SF9k-unsplash-scaled-1-300x200.jpg 300w, https:\/\/luxessentiel.org\/wp-content\/uploads\/2022\/07\/kristine-cinate-QvjL4y7SF9k-unsplash-scaled-1-1024x683.jpg 1024w, https:\/\/luxessentiel.org\/wp-content\/uploads\/2022\/07\/kristine-cinate-QvjL4y7SF9k-unsplash-scaled-1-768x512.jpg 768w, https:\/\/luxessentiel.org\/wp-content\/uploads\/2022\/07\/kristine-cinate-QvjL4y7SF9k-unsplash-scaled-1-1536x1024.jpg 1536w, https:\/\/luxessentiel.org\/wp-content\/uploads\/2022\/07\/kristine-cinate-QvjL4y7SF9k-unsplash-scaled-1-2048x1366.jpg 2048w, https:\/\/luxessentiel.org\/wp-content\/uploads\/2022\/07\/kristine-cinate-QvjL4y7SF9k-unsplash-scaled-1-1320x880.jpg 1320w, https:\/\/luxessentiel.org\/wp-content\/uploads\/2022\/07\/kristine-cinate-QvjL4y7SF9k-unsplash-scaled-1-800x533.jpg 800w\" sizes=\"auto, (max-width: 2560px) 100vw, 2560px\" \/><div class=\"wp-block-cover__inner-container is-layout-flow wp-block-cover-is-layout-flow\">\n<div class=\"inherit-container-width wp-block-group is-layout-constrained wp-block-group-is-layout-constrained\" style=\"padding-top:40px\">\n<h2 class=\"has-text-align-center wp-block-heading\" style=\"margin-right:15%;margin-left:15%\">\u00c0 <strong>propos<\/strong><\/h2>\n\n\n\n<hr class=\"wp-block-separator has-text-color has-css-opacity has-background is-style-default\" style=\"background-color:#fce762;color:#fce762\" \/>\n<\/div>\n<\/div><\/div>\n\n\n\n<div style=\"height:50px\" aria-hidden=\"true\" class=\"wp-block-spacer\"><\/div>\n\n\n\n<div class=\"wp-block-group alignwide is-layout-flow wp-block-group-is-layout-flow\" style=\"padding-right:20px;padding-bottom:0px;padding-left:20px\">\n<p>La Soci\u00e9t\u00e9 LUXESSENTIEL a \u00e9t\u00e9 cr\u00e9\u00e9e par Fran\u00e7ois Hyacinthe, qui pendant 30 ans, a parcouru la France pour repr\u00e9senter diff\u00e9rentes grandes soci\u00e9t\u00e9s de compl\u00e9ments alimentaires. L\u2019aventure LUXESSENTIEL est n\u00e9e en 2017, avec la volont\u00e9 de proposer des produits sinc\u00e8res en qualit\u00e9, fran\u00e7ais, et l\u2019id\u00e9e de travailler en \u00e9troite relation avec des professionnels de sant\u00e9 pour le conseil.<\/p>\n<\/div>\n\n\n\n<div style=\"height:50px\" aria-hidden=\"true\" class=\"wp-block-spacer\"><\/div>\n","protected":false},"excerpt":{"rendered":"<p>La Soci\u00e9t\u00e9 LUXESSENTIEL a \u00e9t\u00e9 cr\u00e9\u00e9e par Fran\u00e7ois Hyacinthe, qui pendant 30 ans, a parcouru la France pour repr\u00e9senter diff\u00e9rentes grandes soci\u00e9t\u00e9s de compl\u00e9ments alimentaires. L\u2019aventure LUXESSENTIEL est n\u00e9e en 2017, avec la volont\u00e9 de proposer des produits sinc\u00e8res en qualit\u00e9, fran\u00e7ais, et l\u2019id\u00e9e de travailler en \u00e9troite relation avec des professionnels de sant\u00e9 pour [&hellip;]<\/p>\n","protected":false},"author":1,"featured_media":0,"parent":0,"menu_order":0,"comment_status":"closed","ping_status":"closed","template":"","meta":{"site-sidebar-layout":"default","site-content-layout":"","ast-site-content-layout":"default","site-content-style":"default","site-sidebar-style":"default","ast-global-header-display":"","ast-banner-title-visibility":"","ast-main-header-display":"","ast-hfb-above-header-display":"","ast-hfb-below-header-display":"","ast-hfb-mobile-header-display":"","site-post-title":"disabled","ast-breadcrumbs-content":"","ast-featured-img":"","footer-sml-layout":"","theme-transparent-header-meta":"","adv-header-id-meta":"","stick-header-meta":"","header-above-stick-meta":"","header-main-stick-meta":"","header-below-stick-meta":"","astra-migrate-meta-layouts":"default","ast-page-background-enabled":"default","ast-page-background-meta":{"desktop":{"background-color":"var(--ast-global-color-4)","background-image":"","background-repeat":"repeat","background-position":"center center","background-size":"auto","background-attachment":"scroll","background-type":"","background-media":"","overlay-type":"","overlay-color":"","overlay-opacity":"","overlay-gradient":""},"tablet":{"background-color":"","background-image":"","background-repeat":"repeat","background-position":"center center","background-size":"auto","background-attachment":"scroll","background-type":"","background-media":"","overlay-type":"","overlay-color":"","overlay-opacity":"","overlay-gradient":""},"mobile":{"background-color":"","background-image":"","background-repeat":"repeat","background-position":"center center","background-size":"auto","background-attachment":"scroll","background-type":"","background-media":"","overlay-type":"","overlay-color":"","overlay-opacity":"","overlay-gradient":""}},"ast-content-background-meta":{"desktop":{"background-color":"var(--ast-global-color-5)","background-image":"","background-repeat":"repeat","background-position":"center center","background-size":"auto","background-attachment":"scroll","background-type":"","background-media":"","overlay-type":"","overlay-color":"","overlay-opacity":"","overlay-gradient":""},"tablet":{"background-color":"var(--ast-global-color-5)","background-image":"","background-repeat":"repeat","background-position":"center center","background-size":"auto","background-attachment":"scroll","background-type":"","background-media":"","overlay-type":"","overlay-color":"","overlay-opacity":"","overlay-gradient":""},"mobile":{"background-color":"var(--ast-global-color-5)","background-image":"","background-repeat":"repeat","background-position":"center center","background-size":"auto","background-attachment":"scroll","background-type":"","background-media":"","overlay-type":"","overlay-color":"","overlay-opacity":"","overlay-gradient":""}},"footnotes":""},"class_list":["post-2","page","type-page","status-publish","hentry"],"aioseo_notices":[],"jetpack-related-posts":[{"id":1122,"url":"https:\/\/luxessentiel.org\/index.php\/mentions-legales\/","url_meta":{"origin":2,"position":0},"title":"Mentions l\u00e9gales","author":"Paul RAMIARA","date":"12 septembre 2022","format":false,"excerpt":"Mentions l\u00e9gales 1. Pr\u00e9sentation du site. En vertu de l'article 6 de la loi n\u00b0 2004-575 du 21 juin 2004 pour la confiance dans l'\u00e9conomie num\u00e9rique, il est pr\u00e9cis\u00e9 aux utilisateurs du site\u00a0LUXESSENTIEL\u00a0l'identit\u00e9 des diff\u00e9rents intervenants dans le cadre de sa r\u00e9alisation et de son suivi : Propri\u00e9taire\u00a0: LUXESSENTIEL \u2013\u2026","rel":"","context":"Article similaire","block_context":{"text":"Article similaire","link":""},"img":{"alt_text":"","src":"https:\/\/i0.wp.com\/luxessentiel.org\/wp-content\/uploads\/2022\/06\/Contact_CGV-02.jpg?resize=350%2C200","width":350,"height":200},"classes":[]},{"id":102,"url":"https:\/\/luxessentiel.org\/index.php\/conditions-generales-de-vente\/","url_meta":{"origin":2,"position":1},"title":"Conditions g\u00e9n\u00e9rales de vente","author":"luxessentiel_wp_adm","date":"16 mai 2022","format":false,"excerpt":"Conditions g\u00e9n\u00e9rales de vente 1. Champ d\u2019application Les pr\u00e9sentes conditions de vente s\u2019appliquent, sans restriction ni r\u00e9serve \u00e0 l\u2019ensemble des ventes conclues entre, d\u2019une part la soci\u00e9t\u00e9 LUXESSENTIEL, soci\u00e9t\u00e9 par actions simplifi\u00e9e, immatricul\u00e9e au registre du commerce et des soci\u00e9t\u00e9s de Tours, sous le num\u00e9ro\u00a0833065964, dont le si\u00e8ge social est\u2026","rel":"","context":"Article similaire","block_context":{"text":"Article similaire","link":""},"img":{"alt_text":"","src":"https:\/\/i0.wp.com\/luxessentiel.org\/wp-content\/uploads\/2022\/06\/Contact_CGV-02.jpg?resize=350%2C200","width":350,"height":200},"classes":[]},{"id":1020,"url":"https:\/\/luxessentiel.org\/index.php\/informations-personnelles\/","url_meta":{"origin":2,"position":2},"title":"Informations personnelles","author":"Paul RAMIARA","date":"15 juillet 2022","format":false,"excerpt":"Informations personnelles Pour toute demande d'information relative \u00e0 vos donn\u00e9es personnelles, n'h\u00e9sitez pas \u00e0 nous contacter !","rel":"","context":"Article similaire","block_context":{"text":"Article similaire","link":""},"img":{"alt_text":"","src":"https:\/\/i0.wp.com\/luxessentiel.org\/wp-content\/uploads\/2022\/07\/adriel-kloppenburg-7XbxVv9xC_8-unsplash-2-scaled.jpg?resize=350%2C200","width":350,"height":200,"srcset":"https:\/\/i0.wp.com\/luxessentiel.org\/wp-content\/uploads\/2022\/07\/adriel-kloppenburg-7XbxVv9xC_8-unsplash-2-scaled.jpg?resize=350%2C200 1x, https:\/\/i0.wp.com\/luxessentiel.org\/wp-content\/uploads\/2022\/07\/adriel-kloppenburg-7XbxVv9xC_8-unsplash-2-scaled.jpg?resize=525%2C300 1.5x, https:\/\/i0.wp.com\/luxessentiel.org\/wp-content\/uploads\/2022\/07\/adriel-kloppenburg-7XbxVv9xC_8-unsplash-2-scaled.jpg?resize=700%2C400 2x, https:\/\/i0.wp.com\/luxessentiel.org\/wp-content\/uploads\/2022\/07\/adriel-kloppenburg-7XbxVv9xC_8-unsplash-2-scaled.jpg?resize=1050%2C600 3x, https:\/\/i0.wp.com\/luxessentiel.org\/wp-content\/uploads\/2022\/07\/adriel-kloppenburg-7XbxVv9xC_8-unsplash-2-scaled.jpg?resize=1400%2C800 4x"},"classes":[]},{"id":756,"url":"https:\/\/luxessentiel.org\/","url_meta":{"origin":2,"position":3},"title":"Accueil","author":"luxessentiel_wp_adm","date":"13 mai 2022","format":false,"excerpt":"LA NATURE\u00c0 L'\u0152UVRE D\u00e9couvrez notre partition de compl\u00e9mentsalimentaires \u00e9clair\u00e9e et chaleureuse pourl\u2019\u00e9quilibre de votre terrain D\u00e9couvrez nos produits Nos produits phares Le bien-\u00eatre \u00e9volue dans le temps, d\u00e9couvrez nos produits du moment ! D\u00e9couvrez tous nos produits Des th\u00e9rapeutes pour vous conseiller Nous travaillons en \u00e9troite relation avec des professionnels\u2026","rel":"","context":"Article similaire","block_context":{"text":"Article similaire","link":""},"img":{"alt_text":"","src":"https:\/\/i0.wp.com\/luxessentiel.org\/wp-content\/uploads\/2022\/06\/05_LIMU-FLUIDE-scaled-1.jpg?resize=350%2C200&ssl=1","width":350,"height":200,"srcset":"https:\/\/i0.wp.com\/luxessentiel.org\/wp-content\/uploads\/2022\/06\/05_LIMU-FLUIDE-scaled-1.jpg?resize=350%2C200&ssl=1 1x, https:\/\/i0.wp.com\/luxessentiel.org\/wp-content\/uploads\/2022\/06\/05_LIMU-FLUIDE-scaled-1.jpg?resize=525%2C300&ssl=1 1.5x, https:\/\/i0.wp.com\/luxessentiel.org\/wp-content\/uploads\/2022\/06\/05_LIMU-FLUIDE-scaled-1.jpg?resize=700%2C400&ssl=1 2x, https:\/\/i0.wp.com\/luxessentiel.org\/wp-content\/uploads\/2022\/06\/05_LIMU-FLUIDE-scaled-1.jpg?resize=1050%2C600&ssl=1 3x, https:\/\/i0.wp.com\/luxessentiel.org\/wp-content\/uploads\/2022\/06\/05_LIMU-FLUIDE-scaled-1.jpg?resize=1400%2C800&ssl=1 4x"},"classes":[]}],"jetpack_sharing_enabled":true,"_links":{"self":[{"href":"https:\/\/luxessentiel.org\/index.php\/wp-json\/wp\/v2\/pages\/2","targetHints":{"allow":["GET"]}}],"collection":[{"href":"https:\/\/luxessentiel.org\/index.php\/wp-json\/wp\/v2\/pages"}],"about":[{"href":"https:\/\/luxessentiel.org\/index.php\/wp-json\/wp\/v2\/types\/page"}],"author":[{"embeddable":true,"href":"https:\/\/luxessentiel.org\/index.php\/wp-json\/wp\/v2\/users\/1"}],"replies":[{"embeddable":true,"href":"https:\/\/luxessentiel.org\/index.php\/wp-json\/wp\/v2\/comments?post=2"}],"version-history":[{"count":17,"href":"https:\/\/luxessentiel.org\/index.php\/wp-json\/wp\/v2\/pages\/2\/revisions"}],"predecessor-version":[{"id":1108,"href":"https:\/\/luxessentiel.org\/index.php\/wp-json\/wp\/v2\/pages\/2\/revisions\/1108"}],"wp:attachment":[{"href":"https:\/\/luxessentiel.org\/index.php\/wp-json\/wp\/v2\/media?parent=2"}],"curies":[{"name":"wp","href":"https:\/\/api.w.org\/{rel}","templated":true}]}}